ulate the greatest common divisor of 325311464 and 304.
152
Calculate the highest common divisor of 220282820 and 180.
20
What is the highest common divisor of 344 and 9928915?
43
What is the greatest common factor of 178450532 and 104?
52
What is the greatest common factor of 32 and 32540656?
16
What is the greatest common divisor of 20458709 and 869?
79
What is the greatest common factor of 1014285724 and 604?
604
What is the highest common factor of 1632130 and 80585?
1135
What is the highest common divisor of 668740897 and 62?
31
Calculate the greatest common factor of 153488087 and 3351.
1117
Calculate the highest common divisor of 738290 and 2393174.
2786
What is the greatest common divisor of 32886 and 189430668?
3654
What is the highest common factor of 659232 and 41832?
504
What is the greatest common factor of 166672 and 37048?
88
Calculate the highest common factor of 18756 and 19764.
36
What is the highest common divisor of 5821632 and 20088?
648
What is the greatest common divisor of 229599 and 2487717?
2367
Calculate the highest common divisor of 5650 and 59984016.
226
Calculate the highest common factor of 498135 and 12364.
11
What is the highest common divisor of 135 and 2219130?
135
Calculate the highest common divisor of 56392 and 10963.
19
What is the greatest common factor of 837602 and 584?
146
What is the highest common divisor of 9604463 and 55?
11
What is the greatest common factor of 21 and 57599751?
3
What is the highest common divisor of 288 and 22819383?
9
What is the greatest common divisor of 32600 and 230600?
200
Calculate the greatest common divisor of 75179 and 481.
13
Calculate the highest common divisor of 5383207 and 565.
113
What is the highest common factor of 816276 and 24?
12
Calculate the highest common factor of 1113137 and 3.
1
What is the greatest common divisor of 21015825 and 25?
25
Calculate the highest common factor of 54646097 and 11.
11
What is the highest common divisor of 93918216 and 20216?
1064
What is the highest common divisor of 767211688 and 8?
8
Calculate the highest common divisor of 9309280 and 4206.
1402
Calculate the greatest common divisor of 198419444 and 29152.
3644
Calculate the highest common factor of 28 and 31424916.
4
Calculate the highest common factor of 10 and 130591400.
10
Calculate the highest common divisor of 49 and 224636041.
49
What is the greatest common factor of 46120470 and 660?
330
Calculate the greatest common divisor of 18084 and 985167.
411
Calculate the greatest common divisor of 72398025 and 175.
175
Calculate the highest common divisor of 323 and 10538844.
323
Calculate the greatest common divisor of 7336952 and 18648.
2072
What is the highest common factor of 18 and 6576426?
18
Calculate the greatest common factor of 15684681 and 213.
213
What is the greatest common divisor of 21914698 and 4238?
4238
What is the greatest common divisor of 1566 and 5081902?
58
Calculate the greatest common factor of 2682 and 22959.
9
What is the highest common divisor of 4712 and 4138996?
124
Calculate the highest common divisor of 60052024 and 8.
8
What is the greatest common divisor of 1260 and 4031790?
210
What is the highest common divisor of 35 and 9669985?
5
Calculate the highest common divisor of 3034436 and 115.
23
What is the highest common factor of 1578480 and 195?
15
Calculate the highest common divisor of 1474 and 162805511.
737
What is the greatest common factor of 634446096 and 883?
883
What is the greatest common factor of 273372672 and 129?
129
What is the highest common divisor of 3129075 and 51075?
225
Calculate the greatest common factor of 2101010 and 350.
10
Calculate the greatest common factor of 4002 and 3720642.
174
What is the highest common divisor of 2562225 and 5649?
807
Calculate the greatest common divisor of 668 and 29322862.
334
Calculate the greatest common factor of 70 and 17872267.
7
Calculate the highest common divisor of 3257554 and 222.
74
What is the highest common divisor of 34224 and 189336?
552
What is the highest common factor of 123 and 8200369?
41
What is the greatest common factor of 937873 and 88527?
1283
Calculate the greatest common divisor of 579 and 42825928.
193
Calculate the greatest common divisor of 5592080 and 44720.
1040
What is the greatest common divisor of 100 and 11568140?
20
Calculate the highest common divisor of 784 and 27145412.
196
What is the highest common factor of 31769616 and 4176?
1392
Calculate the greatest common factor of 2314077 and 3.
3
What is the highest common factor of 336 and 342153?
21
What is the greatest common divisor of 2258403 and 30317?
427
What is the greatest common factor of 38437 and 2466751?
2261
What is the greatest common divisor of 567 and 46332?
81
Calculate the greatest common factor of 1478 and 313935329.
739
What is the highest common factor of 488081 and 55?
11
What is the greatest common factor of 50124 and 7452?
12
What is the greatest common divisor of 4144 and 6215741?
259
What is the highest common divisor of 14691600 and 904816?
9328
Calculate the greatest common factor of 102600 and 56194400.
3800
Calculate the greatest common divisor of 70953 and 4897365.
201
Calculate the highest common divisor of 2049920 and 30080.
640
Calculate the greatest common factor of 3231949 and 21.
7
What is the greatest common divisor of 4445 and 5542026?
889
What is the highest common divisor of 33652 and 972336?
188
What is the highest common divisor of 5477330 and 18190?
1070
What is the highest common factor of 3159 and 106191?
243
Calculate the highest common divisor of 3441 and 21897315.
93
Calculate the highest common factor of 1726281384 and 12751.
12751
What is the highest common factor of 102912 and 79864?
536
What is the greatest common divisor of 21323592 and 2628?
2628
What is the greatest common divisor of 11783925 and 68475?
6225
Calculate the greatest common divisor of 152255 and 1073.
37
Calculate the highest common factor of 78789 and 519.
3
Calculate the greatest common factor of 761530792 and 11.
11
Calculate the greatest common divisor of 3686520 and 480.
120
What is the highest common divisor of 226247 and 45?
1
What is the greatest common factor of 35801140 and 4005?
445
Calculate the greatest common divisor of 203 and 39444279.
7
What is the highest common divisor of 3502 and 153367?
103
What is the highest common divisor of 26817 and 29883?
21
What is the greatest common divisor of 310284615 and 906?
453
Calculate the greatest common divisor of 3492 and 3117483.
873
Calculate the highest common divisor of 406355642 and 154.
154
What is the highest common divisor of 125499 and 33000?
33
What is the greatest common factor of 44792240 and 449?
449
What is the greatest common factor of 13640 and 174680?
440
Calculate the greatest common factor of 13 and 9111115.
13
What is the highest common divisor of 538 and 34590979?
269
What is the highest common divisor of 10680 and 296520?
120
What is the greatest common factor of 397683 and 10181457?
3861
What is the highest common factor of 10554719 and 4635?
103
Calculate the highest common factor of 8498 and 56439467.
4249
Calculate the highest common factor of 22022 and 21999692.
286
Calculate the greatest common divisor of 7360150 and 4948.
2474
What is the highest common factor of 34986 and 1282722?
294
Calculate the highest common divisor of 5045224 and 8.
8
Calculate the highest common factor of 508 and 45139229.
127
Calculate the highest common divisor of 816 and 3381198.
102
What is the highest common divisor of 878992 and 2992?
16
Calculate the highest common divisor of 2494 and 441719822.
2494
What is the highest common factor of 17495315 and 410?
205
Calculate the highest common factor of 7585436 and 177306.
2038
What is the highest common factor of 752908 and 18876?
52
What is the highest common divisor of 196989 and 663?
39
Calculate the greatest common factor of 4548 and 7605060.
12
What is the greatest common factor of 935 and 3811159?
11
What is the greatest common divisor of 16696 and 281832?
8
Calculate the highest common factor of 107920 and 4265728.
304
What is the greatest common divisor of 719 and 25548227?
719
Calculate the greatest common divisor of 58753466 and 1648.
206
Calculate the highes